{"id":240125,"date":"2026-03-19T00:07:36","date_gmt":"2026-03-19T00:07:36","guid":{"rendered":"https:\/\/cardys.co\/colombia\/?page_id=240125"},"modified":"2026-03-19T00:13:49","modified_gmt":"2026-03-19T00:13:49","slug":"terminos-de-uso","status":"publish","type":"page","link":"https:\/\/cardys.co\/colombia\/terminos-de-uso\/","title":{"rendered":"T\u00e9rminos de Uso"},"content":{"rendered":"<p>[et_pb_section fb_built=&#8221;1&#8243; admin_label=&#8221;section&#8221; _builder_version=&#8221;4.25.2&#8243; custom_padding=&#8221;||||false|false&#8221; da_disable_devices=&#8221;off|off|off&#8221; global_colors_info=&#8221;{}&#8221; da_is_popup=&#8221;off&#8221; da_exit_intent=&#8221;off&#8221; da_has_close=&#8221;on&#8221; da_alt_close=&#8221;off&#8221; da_dark_close=&#8221;off&#8221; da_not_modal=&#8221;on&#8221; da_is_singular=&#8221;off&#8221; da_with_loader=&#8221;off&#8221; da_has_shadow=&#8221;on&#8221;][et_pb_row admin_label=&#8221;row&#8221; _builder_version=&#8221;4.25.2&#8243; background_size=&#8221;initial&#8221; background_position=&#8221;top_left&#8221; background_repeat=&#8221;repeat&#8221; width=&#8221;60%&#8221; global_colors_info=&#8221;{}&#8221;][et_pb_column type=&#8221;4_4&#8243; _builder_version=&#8221;4.16&#8243; custom_padding=&#8221;|||&#8221; global_colors_info=&#8221;{}&#8221; custom_padding__hover=&#8221;|||&#8221;][et_pb_text admin_label=&#8221;Text&#8221; _builder_version=&#8221;4.25.2&#8243; header_font=&#8221;|700|||||||&#8221; header_text_align=&#8221;center&#8221; header_text_color=&#8221;#29C4F8&#8243; header_line_height=&#8221;1.3em&#8221; background_size=&#8221;initial&#8221; background_position=&#8221;top_left&#8221; background_repeat=&#8221;repeat&#8221; custom_margin=&#8221;||18px||false|false&#8221; global_colors_info=&#8221;{}&#8221;]<\/p>\n<h1>T\u00c9RMINOS Y CONDICIONES DE USO<\/h1>\n<p>[\/et_pb_text][et_pb_text _builder_version=&#8221;4.25.2&#8243; _module_preset=&#8221;default&#8221; text_font_size=&#8221;17px&#8221; text_line_height=&#8221;1.6em&#8221; header_2_font=&#8221;|700|||||||&#8221; header_2_text_color=&#8221;#29C4F8&#8243; header_2_font_size=&#8221;23px&#8221; custom_margin=&#8221;||9px||false|false&#8221; global_colors_info=&#8221;{}&#8221;]<\/p>\n<h2>1. ACEPTACI\u00d3N DE LOS T\u00c9RMINOS<\/h2>\n<p>[\/et_pb_text][et_pb_text _builder_version=&#8221;4.25.2&#8243; _module_preset=&#8221;default&#8221; text_font_size=&#8221;17px&#8221; text_line_height=&#8221;1.6em&#8221; custom_margin=&#8221;||30px||false|false&#8221; global_colors_info=&#8221;{}&#8221;]Al acceder y utilizar el sitio web www.cardys.co (en adelante, \u201cel Sitio\u201d), el usuario acepta cumplir con los presentes T\u00e9rminos y Condiciones de Uso. Si no est\u00e1 de acuerdo, deber\u00e1 abstenerse de utilizar el Sitio.[\/et_pb_text][et_pb_divider color=&#8221;rgba(41,196,248,0.43)&#8221; _builder_version=&#8221;4.25.2&#8243; _module_preset=&#8221;default&#8221; height=&#8221;10px&#8221; global_colors_info=&#8221;{}&#8221;][\/et_pb_divider][et_pb_text _builder_version=&#8221;4.25.2&#8243; _module_preset=&#8221;default&#8221; text_font_size=&#8221;17px&#8221; text_line_height=&#8221;1.6em&#8221; header_2_font=&#8221;|700|||||||&#8221; header_2_text_color=&#8221;#29C4F8&#8243; header_2_font_size=&#8221;23px&#8221; custom_margin=&#8221;||9px||false|false&#8221; global_colors_info=&#8221;{}&#8221;]<\/p>\n<h2>2. OBJETO DEL SITIO<\/h2>\n<p>[\/et_pb_text][et_pb_text _builder_version=&#8221;4.25.2&#8243; _module_preset=&#8221;default&#8221; text_font_size=&#8221;17px&#8221; text_line_height=&#8221;1.6em&#8221; custom_margin=&#8221;||30px||false|false&#8221; global_colors_info=&#8221;{}&#8221;]El Sitio tiene como finalidad ofrecer informaci\u00f3n, servicios y\/o herramientas relacionadas con la creaci\u00f3n, personalizaci\u00f3n, adquisici\u00f3n y gesti\u00f3n de smart cards o tarjetas digitales inteligentes, permitiendo a los usuarios compartir informaci\u00f3n, beneficios, enlaces y recursos digitales de manera segura, din\u00e1mica y accesible.<\/p>\n<p>CARDYS se reserva el derecho de modificar o eliminar contenidos sin previo aviso.[\/et_pb_text][et_pb_divider color=&#8221;rgba(41,196,248,0.43)&#8221; _builder_version=&#8221;4.25.2&#8243; _module_preset=&#8221;default&#8221; height=&#8221;10px&#8221; global_colors_info=&#8221;{}&#8221;][\/et_pb_divider][et_pb_text _builder_version=&#8221;4.25.2&#8243; _module_preset=&#8221;default&#8221; text_font_size=&#8221;17px&#8221; text_line_height=&#8221;1.6em&#8221; header_2_font=&#8221;|700|||||||&#8221; header_2_text_color=&#8221;#29C4F8&#8243; header_2_font_size=&#8221;23px&#8221; custom_margin=&#8221;||9px||false|false&#8221; global_colors_info=&#8221;{}&#8221;]<\/p>\n<h2>3. REGISTRO DE USUARIOS<\/h2>\n<p>[\/et_pb_text][et_pb_text _builder_version=&#8221;4.25.2&#8243; _module_preset=&#8221;default&#8221; text_font_size=&#8221;17px&#8221; text_line_height=&#8221;1.6em&#8221; custom_margin=&#8221;||12px||false|false&#8221; global_colors_info=&#8221;{}&#8221;]Para acceder a ciertas funcionalidades, el usuario podr\u00e1 registrarse proporcionando informaci\u00f3n veraz, completa y actualizada.<\/p>\n<p>El usuario es responsable de:<\/p>\n<ul>\n<li>Mantener la confidencialidad de sus credenciales<\/li>\n<li>Todas las actividades realizadas desde su cuenta<\/li>\n<li>Notificar cualquier uso no autorizado<\/li>\n<\/ul>\n<p>[\/et_pb_text][et_pb_divider color=&#8221;rgba(41,196,248,0.43)&#8221; _builder_version=&#8221;4.25.2&#8243; _module_preset=&#8221;default&#8221; height=&#8221;10px&#8221; global_colors_info=&#8221;{}&#8221;][\/et_pb_divider][et_pb_text _builder_version=&#8221;4.25.2&#8243; _module_preset=&#8221;default&#8221; text_font_size=&#8221;17px&#8221; text_line_height=&#8221;1.6em&#8221; header_2_font=&#8221;|700|||||||&#8221; header_2_text_color=&#8221;#29C4F8&#8243; header_2_font_size=&#8221;23px&#8221; custom_margin=&#8221;||9px||false|false&#8221; global_colors_info=&#8221;{}&#8221;]<\/p>\n<h2>4. USO ADECUADO DEL SITIO<\/h2>\n<p>[\/et_pb_text][et_pb_text _builder_version=&#8221;4.25.2&#8243; _module_preset=&#8221;default&#8221; text_font_size=&#8221;17px&#8221; text_line_height=&#8221;1.6em&#8221; custom_margin=&#8221;||12px||false|false&#8221; global_colors_info=&#8221;{}&#8221;]El usuario se compromete a:<\/p>\n<ul>\n<li>No utilizar el Sitio para actividades il\u00edcitas o fraudulentas<\/li>\n<li>No vulnerar derechos de terceros<\/li>\n<li>No introducir virus, malware o cualquier tecnolog\u00eda da\u00f1ina<\/li>\n<li>No intentar acceder a \u00e1reas restringidas sin autorizaci\u00f3n<\/li>\n<\/ul>\n<p>[\/et_pb_text][et_pb_divider color=&#8221;rgba(41,196,248,0.43)&#8221; _builder_version=&#8221;4.25.2&#8243; _module_preset=&#8221;default&#8221; height=&#8221;10px&#8221; global_colors_info=&#8221;{}&#8221;][\/et_pb_divider][et_pb_text _builder_version=&#8221;4.25.2&#8243; _module_preset=&#8221;default&#8221; text_font_size=&#8221;17px&#8221; text_line_height=&#8221;1.6em&#8221; header_2_font=&#8221;|700|||||||&#8221; header_2_text_color=&#8221;#29C4F8&#8243; header_2_font_size=&#8221;23px&#8221; custom_margin=&#8221;||9px||false|false&#8221; global_colors_info=&#8221;{}&#8221;]<\/p>\n<h2>5. PROPIEDAD INTELECTUAL<\/h2>\n<p>[\/et_pb_text][et_pb_text _builder_version=&#8221;4.25.2&#8243; _module_preset=&#8221;default&#8221; text_font_size=&#8221;17px&#8221; text_line_height=&#8221;1.6em&#8221; custom_margin=&#8221;||30px||false|false&#8221; global_colors_info=&#8221;{}&#8221;]Todos los contenidos del Sitio (textos, dise\u00f1os, logotipos, software, im\u00e1genes, etc.) son propiedad de CARDYS o cuentan con licencia para su uso.<\/p>\n<p>Queda prohibida su reproducci\u00f3n, distribuci\u00f3n o modificaci\u00f3n sin autorizaci\u00f3n previa.[\/et_pb_text][et_pb_divider color=&#8221;rgba(41,196,248,0.43)&#8221; _builder_version=&#8221;4.25.2&#8243; _module_preset=&#8221;default&#8221; height=&#8221;10px&#8221; global_colors_info=&#8221;{}&#8221;][\/et_pb_divider][et_pb_text _builder_version=&#8221;4.25.2&#8243; _module_preset=&#8221;default&#8221; text_font_size=&#8221;17px&#8221; text_line_height=&#8221;1.6em&#8221; header_2_font=&#8221;|700|||||||&#8221; header_2_text_color=&#8221;#29C4F8&#8243; header_2_font_size=&#8221;23px&#8221; custom_margin=&#8221;||9px||false|false&#8221; global_colors_info=&#8221;{}&#8221;]<\/p>\n<h2>6. LIMITACI\u00d3N DE RESPONSABILIDAD<\/h2>\n<p>[\/et_pb_text][et_pb_text _builder_version=&#8221;4.25.2&#8243; _module_preset=&#8221;default&#8221; text_font_size=&#8221;17px&#8221; text_line_height=&#8221;1.6em&#8221; custom_margin=&#8221;||13px||false|false&#8221; global_colors_info=&#8221;{}&#8221;]<\/p>\n<p>CARDYS no garantiza que:<\/p>\n<ul>\n<li>El Sitio est\u00e9 libre de errores o interrupciones<\/li>\n<li>La informaci\u00f3n sea totalmente exacta o actualizada en todo momento<\/li>\n<\/ul>\n<p>CARDYS no ser\u00e1 responsable por:<\/p>\n<ul>\n<li>Da\u00f1os derivados del uso o imposibilidad de uso del Sitio<\/li>\n<li>Decisiones tomadas con base en la informaci\u00f3n publicada<\/li>\n<\/ul>\n<p>[\/et_pb_text][et_pb_divider color=&#8221;rgba(41,196,248,0.43)&#8221; _builder_version=&#8221;4.25.2&#8243; _module_preset=&#8221;default&#8221; height=&#8221;10px&#8221; global_colors_info=&#8221;{}&#8221;][\/et_pb_divider][et_pb_text _builder_version=&#8221;4.25.2&#8243; _module_preset=&#8221;default&#8221; text_font_size=&#8221;17px&#8221; text_line_height=&#8221;1.6em&#8221; header_2_font=&#8221;|700|||||||&#8221; header_2_text_color=&#8221;#29C4F8&#8243; header_2_font_size=&#8221;23px&#8221; custom_margin=&#8221;||9px||false|false&#8221; global_colors_info=&#8221;{}&#8221;]<\/p>\n<h2>7. ENLACES A TERCEROS<\/h2>\n<p>[\/et_pb_text][et_pb_text _builder_version=&#8221;4.25.2&#8243; _module_preset=&#8221;default&#8221; text_font_size=&#8221;17px&#8221; text_line_height=&#8221;1.6em&#8221; custom_margin=&#8221;||30px||false|false&#8221; global_colors_info=&#8221;{}&#8221;]El Sitio puede contener enlaces a sitios web de terceros. CARDYS no se responsabiliza por el contenido, pol\u00edticas o pr\u00e1cticas de dichos sitios.[\/et_pb_text][et_pb_divider color=&#8221;rgba(41,196,248,0.43)&#8221; _builder_version=&#8221;4.25.2&#8243; _module_preset=&#8221;default&#8221; height=&#8221;10px&#8221; global_colors_info=&#8221;{}&#8221;][\/et_pb_divider][et_pb_text _builder_version=&#8221;4.25.2&#8243; _module_preset=&#8221;default&#8221; text_font_size=&#8221;17px&#8221; text_line_height=&#8221;1.6em&#8221; header_2_font=&#8221;|700|||||||&#8221; header_2_text_color=&#8221;#29C4F8&#8243; header_2_font_size=&#8221;23px&#8221; custom_margin=&#8221;||9px||false|false&#8221; global_colors_info=&#8221;{}&#8221;]<\/p>\n<h2>8. PROTECCI\u00d3N DE DATOS PERSONALES<\/h2>\n<p>[\/et_pb_text][et_pb_text _builder_version=&#8221;4.25.2&#8243; _module_preset=&#8221;default&#8221; text_font_size=&#8221;17px&#8221; text_line_height=&#8221;1.6em&#8221; custom_margin=&#8221;||13px||false|false&#8221; global_colors_info=&#8221;{}&#8221;]<\/p>\n<p>El tratamiento de datos personales se rige por la Pol\u00edtica de Privacidad de CARDYS, disponible en el Sitio.<\/p>\n<p>[\/et_pb_text][et_pb_divider color=&#8221;rgba(41,196,248,0.43)&#8221; _builder_version=&#8221;4.25.2&#8243; _module_preset=&#8221;default&#8221; height=&#8221;10px&#8221; global_colors_info=&#8221;{}&#8221;][\/et_pb_divider][et_pb_text _builder_version=&#8221;4.25.2&#8243; _module_preset=&#8221;default&#8221; text_font_size=&#8221;17px&#8221; text_line_height=&#8221;1.6em&#8221; header_2_font=&#8221;|700|||||||&#8221; header_2_text_color=&#8221;#29C4F8&#8243; header_2_font_size=&#8221;23px&#8221; custom_margin=&#8221;||9px||false|false&#8221; global_colors_info=&#8221;{}&#8221;]<\/p>\n<h2>9. MODIFICACIONES<\/h2>\n<p>[\/et_pb_text][et_pb_text _builder_version=&#8221;4.25.2&#8243; _module_preset=&#8221;default&#8221; text_font_size=&#8221;17px&#8221; text_line_height=&#8221;1.6em&#8221; custom_margin=&#8221;||30px||false|false&#8221; global_colors_info=&#8221;{}&#8221;]<\/p>\n<p>CARDYS podr\u00e1 modificar estos T\u00e9rminos en cualquier momento. Los cambios entrar\u00e1n en vigor una vez publicados en el Sitio.<\/p>\n<p>[\/et_pb_text][et_pb_divider color=&#8221;rgba(41,196,248,0.43)&#8221; _builder_version=&#8221;4.25.2&#8243; _module_preset=&#8221;default&#8221; height=&#8221;10px&#8221; global_colors_info=&#8221;{}&#8221;][\/et_pb_divider][et_pb_text _builder_version=&#8221;4.25.2&#8243; _module_preset=&#8221;default&#8221; text_font_size=&#8221;17px&#8221; text_line_height=&#8221;1.6em&#8221; header_2_font=&#8221;|700|||||||&#8221; header_2_text_color=&#8221;#29C4F8&#8243; header_2_font_size=&#8221;23px&#8221; custom_margin=&#8221;||9px||false|false&#8221; global_colors_info=&#8221;{}&#8221;]<\/p>\n<h2>10. LEY APLICABLE Y JURISDICCI\u00d3N<\/h2>\n<p>[\/et_pb_text][et_pb_text _builder_version=&#8221;4.25.2&#8243; _module_preset=&#8221;default&#8221; text_font_size=&#8221;17px&#8221; text_line_height=&#8221;1.6em&#8221; custom_margin=&#8221;||30px||false|false&#8221; global_colors_info=&#8221;{}&#8221;]<\/p>\n<p>Estos T\u00e9rminos se rigen por las leyes de la Rep\u00fablica de Colombia.<\/p>\n<p>Cualquier controversia ser\u00e1 resuelta ante las autoridades competentes en Colombia.<\/p>\n<p>[\/et_pb_text][et_pb_divider color=&#8221;rgba(41,196,248,0.43)&#8221; _builder_version=&#8221;4.25.2&#8243; _module_preset=&#8221;default&#8221; height=&#8221;10px&#8221; global_colors_info=&#8221;{}&#8221;][\/et_pb_divider][et_pb_text _builder_version=&#8221;4.25.2&#8243; _module_preset=&#8221;default&#8221; text_font_size=&#8221;17px&#8221; text_line_height=&#8221;1.6em&#8221; header_2_font=&#8221;|700|||||||&#8221; header_2_text_color=&#8221;#29C4F8&#8243; header_2_font_size=&#8221;23px&#8221; custom_margin=&#8221;||9px||false|false&#8221; global_colors_info=&#8221;{}&#8221;]<\/p>\n<h2>11. CONTACTO<\/h2>\n<p>[\/et_pb_text][et_pb_text _builder_version=&#8221;4.25.2&#8243; _module_preset=&#8221;default&#8221; text_font_size=&#8221;17px&#8221; text_line_height=&#8221;1.6em&#8221; custom_margin=&#8221;||30px||false|false&#8221; global_colors_info=&#8221;{}&#8221;]Para consultas relacionadas con estos T\u00e9rminos, el usuario puede comunicarse a:<\/p>\n<p>soporte@cardys.co<\/p>\n<p>\u00daltima actualizaci\u00f3n: 18 de marzo de 2026[\/et_pb_text][\/et_pb_column][\/et_pb_row][\/et_pb_section]<\/p>\n","protected":false},"excerpt":{"rendered":"<p>T\u00c9RMINOS Y CONDICIONES DE USO1. ACEPTACI\u00d3N DE LOS T\u00c9RMINOSAl acceder y utilizar el sitio web www.cardys.co (en adelante, \u201cel Sitio\u201d), el usuario acepta cumplir con los presentes T\u00e9rminos y Condiciones de Uso. Si no est\u00e1 de acuerdo, deber\u00e1 abstenerse de utilizar el Sitio.2. OBJETO DEL SITIOEl Sitio tiene como finalidad ofrecer informaci\u00f3n, servicios y\/o herramientas [&hellip;]<\/p>\n","protected":false},"author":1,"featured_media":0,"parent":0,"menu_order":0,"comment_status":"closed","ping_status":"closed","template":"","meta":{"_et_pb_use_builder":"on","_et_pb_old_content":"","_et_gb_content_width":"","inline_featured_image":false,"_joinchat":[]},"_links":{"self":[{"href":"https:\/\/cardys.co\/colombia\/wp-json\/wp\/v2\/pages\/240125"}],"collection":[{"href":"https:\/\/cardys.co\/colombia\/wp-json\/wp\/v2\/pages"}],"about":[{"href":"https:\/\/cardys.co\/colombia\/wp-json\/wp\/v2\/types\/page"}],"author":[{"embeddable":true,"href":"https:\/\/cardys.co\/colombia\/wp-json\/wp\/v2\/users\/1"}],"replies":[{"embeddable":true,"href":"https:\/\/cardys.co\/colombia\/wp-json\/wp\/v2\/comments?post=240125"}],"version-history":[{"count":3,"href":"https:\/\/cardys.co\/colombia\/wp-json\/wp\/v2\/pages\/240125\/revisions"}],"predecessor-version":[{"id":240133,"href":"https:\/\/cardys.co\/colombia\/wp-json\/wp\/v2\/pages\/240125\/revisions\/240133"}],"wp:attachment":[{"href":"https:\/\/cardys.co\/colombia\/wp-json\/wp\/v2\/media?parent=240125"}],"curies":[{"name":"wp","href":"https:\/\/api.w.org\/{rel}","templated":true}]}}